*q = 20, -g*f - q - 9 = f. Determine m(f).
-16
Let l(y) = -1. Let a(u) = u**3 + 5*u**2 + 5*u - 5. Let t(f) = -f**2 + 8*f - 1. Let d be t(7). Suppose 0 = -r - 1. Let h(m) = d*l(m) + r*a(m). What is h(-4)?
3
Let u(s) be the first derivative of s**4/4 + 5*s**3/3 + s**2/2 - 5*s - 1. Suppose 2*y = 4*y - 18. Suppose l = -4*t - 14, 4*t - 5*l + 17 = -y. Determine u(t).
7
Suppose 0 = -5*j + 4*x - 30, -2*j = -6*j + 2*x - 24. Let m be -2 - -5 - (-8 - j). Let i(u) = u**2 - 5*u - 7. Give i(m).
-7
Let t(l) = 7*l + 1 - 2*l - 7*l + l. Suppose -3*c = 2*c - 5. Let x(g) = 2*g - 4. Let q(o) = c*x(o) + 3*t(o). Calculate q(-3).
2
Let y = 1 + -2. Let x be (1 + y)/(-2 - -1). Let r(c) be the first derivative of -c**2/2 + 6*c + 3. Determine r(x).
6
Let y = 3 - 1. Let r(q) be the third derivative of 0 + 0*q + 1/8*q**4 - q**2 + 1/6*q**3. Determine r(y).
7
Let h(c) = -c**3 + 5*c**2 - 4*c + 6. Let v(n) = 0 + n + 4 + 2 - 7. Let y be v(3). Let q(z) = 2*z**2 - 3*z + 2. Let a be q(y). Give h(a).
6
Let x(t) = -17*t - 5. Let n(c) = -8*c - 2. Let u(p) = -9*n(p) + 4*x(p). Suppose 5*z - 12 = -2. What is u(z)?
6
Let g(h) = -5 + 4 - 4 + 2*h + 1. Calculate g(3).
2
Suppose -5 = 5*l - 25. Let u(y) = -5*y**3 - 4*y - l + 4*y**3 + 5*y**2 + 0*y**3 + 6. Suppose -19 = -x - 3*a, 0 = -6*x + 2*x + 5*a - 9. Determine u(x).
2
Let x(z) = -z**3. Let m(r) = -3*r**3 - r**2 - 2*r - 1. Let i = 1 - -1. Let g(k) = i*x(k) - m(k). Let c = -1 + 0. What is g(c)?
-1
Let l(q) be the first derivative of -q**2 + 1. Let f be 2/16*(39 + 1). Calculate l(f).
-10
Let i(x) = -x + 1. Let t(v) = v + 1. Let m(j) = 3*i(j) + 4*t(j). Suppose 0 = 2*z + 2*g + 21 + 3, 23 = -4*z + g. Calculate m(z).
0
Let p(l) be the second derivative of 3*l - 2/3*l**3 - 1/12*l**4 + 0 - l**2. Give p(-4).
-2
Let j be (6 - -1)*(1 - 0). Let i(y) = -13*y**3 + 7*y**2 - 12. Let b(t) = 2*t**3 + 1. Let g(h) = 6*b(h) + i(h). Determine g(j).
-6
Let j be 2/(-9) - (-34)/(-9). Let s(m) = -4*m**2 - 3*m - 1. Let y be 6/9 - 8/3. Let d(q) = 3*q**2 + 3*q. Let z(r) = y*s(r) - 3*d(r). What is z(j)?
-2
Let l = 0 + 0. Let i(v) = 3*v + l*v + 0*v + 1. Let s(u) = u. Let z(g) = 4*i(g) - 11*s(g). What is z(-5)?
-1
Suppose 4*x - 6*x = -10. Suppose -x*h + 8 = -3*h. Suppose 0*s + 4*s + 2 = -2*d, h*d = 4*s - 4. Let a(w) = w**2 + 2*w. Determine a(d).
-1
Let y be 4/(-8)*-1*6. Let l(d) = 2*d + 3. Determine l(y).
9
Let o(k) = -5*k**2 - 4*k + 5. Let w(m) = 4*m**2 + 5*m - 6. Let t(c) = -5*o(c) - 6*w(c). Give t(8).
-5
Let f(n) = -11*n**3 - 3*n**2 + 2*n - 4. Let y(q) = -11*q**3 - 2*q**2 + q - 3. Let m(k) = -2*f(k) + 3*y(k). Suppose -2*o + 12 - 14 = 0. Determine m(o).
11
Suppose 0 = -0*q + 4*q - 8. Let y(k) = 2 - k**3 + k**q - k - 3*k**2 - k. What is y(-2)?
6
Let j(o) = o - 4 + 2*o + 4. Let v(z) = -z. Let c(g) = j(g) + 2*v(g). Calculate c(-4).
-4
Suppose k = -5*w - 30, 7*w = 2*w - 4*k - 45. Let c(x) = x**2 + 3*x + 3. Calculate c(w).
13
Let l = -2 + 2. Let t(d) = -3*d + l*d + d - 1 + 2*d**2 - d**2. Determine t(3).
2
Let c(j) = 2*j - 3. Let t(n) = n - 1. Let s(v) = c(v) - 3*t(v). Calculate s(-2).
2
Let s(q) = q**2 + 4*q + 3. Suppose 0*t + 6 = 3*t. Suppose 13 = -5*n - 3*g, -t = -n - g - 3. Determine s(n).
8
Let t be (5 - -1)*(-1)/2. Let q(z) = 2 + 1 - 2 + z**2 + 5*z. What is q(t)?
-5
Let f(g) = g**3 + g. Let k(n) = -n**3 + 3*n**2 - 4*n - 7*n**3 - 1 - 2*n**2. Let p(d) = -4*f(d) - k(d). Let y be (-105)/(-91) + 2/(-13). Calculate p(y).
4
Suppose -5*z + 9 = -1. Let t(x) = 10 - 6 - x**2 + 0*x**z. What is t(0)?
4
Let n = 23 - 9. Let j(i) = 0*i + i - 15 + 5*i**2 + n. Calculate j(1).
5
Let i(u) be the first derivative of -1 - 4*u + 5/2*u**2 + 1/3*u**3. Let q be 5*2*(-1)/2. Determine i(q).
-4
Let x(l) = -2*l + l - 2*l**3 + 3*l**3. Let j(r) = -r**3 + 6*r**2 + 7*r + 7. Let g(o) = j(o) + 2*x(o). Determine g(-5).
7
Let k(b) be the second derivative of -b**5/60 + b**4/12 + b**3/2 - 3*b. Let s(z) be the second derivative of k(z). Determine s(-2).
6
Let x = 129 + -1547/12. Let w(m) be the third derivative of x*m**4 + 0 + 1/20*m**5 + 1/120*m**6 + m**2 + 1/2*m**3 + 0*m. Determine w(-2).
3
Let l(o) be the second derivative of 3*o**5/20 - o**3/6 - o**2/2 - 27*o. Calculate l(-1).
-3
Let k(s) = -5 - 39*s**3 + 9*s**2 - 7*s - 41*s**3 + 79*s**3. Calculate k(8).
3
Let m(c) = -6*c**2 + 7*c + 5*c**2 - 2*c + 2*c**2. Suppose 0 = -3*j - 3, -4*n - j + 7 = -0*j. Let u be n + -7 + 2 + -2. What is m(u)?
0
Let o(p) be the third derivative of 0 - 1/12*p**4 - 1/120*p**5 + 0*p - 3*p**2 + 1/6*p**3. Let h(k) be the first derivative of o(k). Determine h(-4).
2
Let o(l) = l**3 - 5*l**2 + 2*l - 6. Suppose -3*h = -3, j + h - 6 = -0*j. Determine o(j).
4
Let m(y) = -y**3 - 4*y**2 + 5*y - 5. Suppose -18 = -3*a - 0. Let s be a/(-4)*70/21. What is m(s)?
-5
Let y(a) = 4*a**3 + 12*a**2 + 8*a**2 - 5*a**3 - 25*a**2 + a + 7. Determine y(-5).
2
Let d(z) = -z**2 + z - 1. Let j(i) = i**3 + i**2 - 4*i - 5. Let t(n) = -2*d(n) + j(n). Let s be -2 - (-4 + 1) - (6 + -1). What is t(s)?
5
Let i(x) = 70*x - 1 + 0 + 0 - 69*x. Let l = -10 + 6. Determine i(l).
-5
Suppose r = -1 + 13. Let k = r + -22. Let s be 6/10 + 26/k. Let x(y) = -y**3 - y - 2. What is x(s)?
8
Let k(x) = -4*x + 1. Let c(i) be the second derivative of -i**3/2 + i**2/2 + 2*i. Let s(b) = 5*c(b) - 4*k(b). What is s(-4)?
-3
Let h(o) = -6*o**2 + 12*o - 4. Let d(x) = -x**2 + x. Let c(k) = -5*d(k) + h(k). Let r be -2*(0 - (-5)/(-2)). Determine c(r).
6
Let w = 6 - 4. Let q(b) = 4*b + 3*b - w*b - 2 - b**2. Let k be q(4). Let g(y) = 2*y - 3. Calculate g(k).
1
Let r(t) = -2*t**3 - 4*t**2 - 3*t. Let w(u) = u**2 + 4*u - 2. Let i be w(-4). What is r(i)?
6
Let w = 1 - -2. Let x(n) = -n**2 + 3 + w*n - 5 + 2*n. Calculate x(3).
4
Suppose 3 - 23 = 4*r. Let f(j) = -11 + 9*j - 2*j + 4*j - 5*j**2. Let d(l) = 6*l**2 - 12*l + 12. Let c(t) = 6*d(t) + 7*f(t). Determine c(r).
-5
Let v be 1 + 2 - 1 - 0. Let t(z) = 2*z - 5*z + 4*z**2 - 3*z**2 - v*z**2. Let u be 4/10 + (-22)/5. Give t(u).
-4
Let t = -6 + 8. Suppose -t = l - 4. Let x(f) = -2 - f**2 + 2*f**3 - f - f**3 + 2*f**2. Determine x(l).
8
Suppose -w - 3 = -m, 0 = -2*m + 4 - 6. Let n(b) be the third derivative of -b**4/12 - b**3/3 + 22*b**2. Determine n(w).
6
Let c(m) = -m**2 - 6*m + 8. Let y be c(-7). Let g = y + -2. Let l(s) = 5*s - 1. What is l(g)?
-6
Let j(y) = y**3 + 5*y**2 - 6. Suppose -3*t - 4*c + 1 = -6, -13 = -t + 4*c. Suppose -t*r - 15 = -2*r. What is j(r)?
-6
Let f(x) = x**2 - 7*x + 5. Let z be (-24)/9*(-3)/2. Determine f(z).
-7
Let v(m) = -m**2 + 8*m + 3. Let q be v(8). Let k(p) = -2*p**2 - 3*p**3 + q*p + 5*p**3 + 8*p**2 - p**3 - 3. What is k(-5)?
7
Let v = 7 - 7. Let l(h) be the first derivative of -1/3*h**3 + 3 - 9*h + 1/2*h**2. Calculate l(v).
-9
Let r(o) = -2*o. Let i(j) be the second derivative of -j**3/6 + 7*j**2/2 - 2*j. Let f be i(5). What is r(f)?
-4
Let x be (8/(-10))/(1/(-5)). Let v(m) = m**3 - m**2 - 2*m. Let y be v(2). Let z(c) = -x + y*c + c - 2*c. Calculate z(-4).
0
Let c(y) be the second derivative of -3*y + 2*y**2 + 1/12*y**4 + 4/3*y**3 + 0. What is c(-6)?
-8
Let i(u) be the first derivative of -u**4/12 - u**3/6 - 7*u**2/2 - 2*u + 1. Let g(h) be the first derivative of i(h). Suppose b = -b. What is g(b)?
-7
Let d(z) = -5*z**2 + 7*z - 26. Let b(w) = 2*w**2 - 2*w + 9. Let q(t) = -8*b(t) - 3*d(t). Give q(-5).
6
Suppose i = 2*p - i + 12, -p - 3*i = -10. Let v be (2/p)/(3/(-21)). Let m(r) = 0*r**2 - 2*r - 2 - 3 - r**2 + v*r**3 + 4. Give m(-1).
-7
Suppose -5*n + 13 = -12. Let c(u) be the first derivative of -u**4/12 + 4*u**3/3 - 7*u**2/2 - 3*u - 1. Let m(h) be the first derivative of c(h). Calculate m(n).
8
Let p(z) = z**3 + z**2 - z - 1. Let h be (-1 + 5)/(-1 - 0). Let c be (-2 - h)/2 + -1. Let y be c*(1/2)/(-1). Give p(y).
-1
Let q(x) = -x**3 + x**2 + 3*x + 3. Let u be q(-3). Let c be (6/(-18))/((-2)/u). Let y(i) = i**2 - 3*i - 2. Give y(c).
8
Let q(f) = f**2 + 4 - 2*f - f - 4. Let w be q(2). Let o(l) be the third derivative of 5*l**4/24 + l**3/3 + l**2. Give o(w).
-8
Let l(t) = t - 1. Let p be (-2)/(-26)*2 - 42/273. Calculate l(p).
-1
Let o(h) be the third derivative of h**4/24 - h**3/3 + 8*h**2. Give o(7).
5
Let w(u) = u**3 - 11*u**2 - 2*u - 2. Let g(c) = c**2 + c. Let m(r) = -6*g(r) - w(r). Suppose -4*x = -0*x. Let y be 1 - (-4 - (-1 - x)). Calculate m(y).
2
Let s(d) be the third derivative of -1/15*d**5 + 2/3*d**3 + 0 + 1/24*d*